?
3, 238331
List the prime factors of 46531006.
2, 17, 197, 6947
List the prime factors of 33268551.
3, 11089517
What are the prime factors of 2514464808?
2, 3, 31, 503, 6719
List the prime factors of 746318498.
2, 6577, 56737
What are the prime factors of 509658584?
2, 19, 227, 14771
List the prime factors of 5866539426.
2, 3, 11, 1873, 5273
List the prime factors of 116149408.
2, 29, 47, 2663
List the prime factors of 220577180.
2, 5, 431, 25589
List the prime factors of 2011951010.
2, 5, 201195101
What are the prime factors of 50435725?
5, 193, 10453
List the prime factors of 993463999.
11, 90314909
List the prime factors of 18432956.
2, 37, 269, 463
What are the prime factors of 570636101?
7, 19, 43, 113, 883
List the prime factors of 51793199.
43, 1204493
List the prime factors of 125901318.
2, 3, 71, 479, 617
List the prime factors of 939056581.
23, 40828547
What are the prime factors of 1259112358?
2, 7, 89936597
List the prime factors of 1305333210.
2, 3, 5, 29, 1009, 1487
List the prime factors of 51880561.
61, 83, 10247
List the prime factors of 1124355011.
13, 86488847
What are the prime factors of 940313?
11, 73, 1171
What are the prime factors of 71986315?
5, 83, 89, 1949
List the prime factors of 2972056519.
73, 5227, 7789
List the prime factors of 378060182.
2, 29, 6518279
What are the prime factors of 60523561?
7, 8646223
List the prime factors of 551606637.
3, 183868879
What are the prime factors of 2598170337?
3, 7, 463, 3299
What are the prime factors of 232354717?
7, 23, 29453
List the prime factors of 71076442.
2, 2221, 16001
List the prime factors of 41527402.
2, 7, 423749
What are the prime factors of 502279916?
2, 125569979
List the prime factors of 301047150.
2, 3, 5, 127, 15803
List the prime factors of 647629816.
2, 3407, 23761
What are the prime factors of 265656225?
3, 5, 3542083
List the prime factors of 1504531045.
5, 13499, 22291
List the prime factors of 284946910.
2, 5, 28494691
What are the prime factors of 44141907?
3, 71, 207239
What are the prime factors of 1896606521?
991, 1913831
What are the prime factors of 2659061359?
29, 137, 669283
List the prime factors of 185475545.
5, 5569, 6661
What are the prime factors of 835854053?
835854053
What are the prime factors of 5011765?
5, 11, 293, 311
What are the prime factors of 89702361?
3, 7, 59, 24133
What are the prime factors of 323359576?
2, 23, 37, 47497
What are the prime factors of 2272792751?
2579, 881269
What are the prime factors of 208571777?
463, 450479
What are the prime factors of 41678404?
2, 10419601
List the prime factors of 394062701.
29, 13588369
List the prime factors of 203510143.
643, 316501
What are the prime factors of 122050901?
7, 37, 397, 1187
What are the prime factors of 98508350?
2, 5, 19, 97, 1069
List the prime factors of 3450083583.
3, 6763, 170047
List the prime factors of 1330475134.
2, 59, 11275213
What are the prime factors of 355140891?
3, 7, 467, 12071
List the prime factors of 2124105821.
23, 2039, 45293
What are the prime factors of 168494886?
2, 3, 7, 1337261
List the prime factors of 51799722.
2, 3, 13, 664099
What are the prime factors of 120603159?
3, 109, 122939
What are the prime factors of 41465189?
89, 465901
List the prime factors of 59797988.
2, 14949497
What are the prime factors of 45721904?
2, 19, 150401
List the prime factors of 1912328853.
3, 19, 3089, 10861
List the prime factors of 3843602083.
3843602083
What are the prime factors of 900620653?
19, 61, 97, 8011
List the prime factors of 48304404.
2, 3, 447263
List the prime factors of 260462476.
2, 109, 597391
List the prime factors of 77647867.
11, 37, 107, 1783
What are the prime factors of 1606122087?
3, 241, 701, 3169
List the prime factors of 295800976.
2, 23, 227, 3541
List the prime factors of 120589620.
2, 3, 5, 2009827
What are the prime factors of 1585825579?
13, 1171, 104173
List the prime factors of 189293110.
2, 5, 37, 511603
What are the prime factors of 584767969?
584767969
List the prime factors of 1066373171.
1066373171
What are the prime factors of 178311081?
3, 13, 337, 13567
What are the prime factors of 1535857615?
5, 59, 5206297
What are the prime factors of 138157072?
2, 1153, 7489
List the prime factors of 97317167.
97317167
What are the prime factors of 67549245?
3, 5, 17, 264899
List the prime factors of 3378312981.
3, 17, 7360159
List the prime factors of 1785624613.
193, 9251941
What are the prime factors of 9739936?
2, 304373
List the prime factors of 6632135.
5, 1326427
List the prime factors of 395758617.
3, 31, 109, 39041
List the prime factors of 133042687.
133042687
What are the prime factors of 63156368?
2, 11, 229, 1567
What are the prime factors of 31707280?
2, 5, 11, 137, 263
What are the prime factors of 2078491728?
2, 3, 1993, 21727
List the prime factors of 1440189980.
2, 5, 47, 1532117
What are the prime factors of 1390464369?
3, 7, 571, 38653
List the prime factors of 917462854.
2, 7, 11, 1153, 5167
What are the prime factors of 115972237?
79, 1063, 1381
List the prime factors of 144969169.
113, 1282913
What are the prime factors of 75473318?
2, 2027, 18617
List the prime factors of 766002787.
11, 23, 487, 6217
List the prime factors of 1447113440.
2, 5, 17, 532027
What are the prime factors of 7499615?
5, 191, 7853
List the prime factors of 794448532.
2, 31, 89, 71987
List the prime factors of 409681730.
2, 5, 1321, 31013
What are the prime factors of 108117021?
3, 1913, 18839
List the prime factors of 1070196463.
7, 23, 229, 29027
List the prime factors of 123268007.
61, 67, 30161
List the prime factors of 2568500068.
2, 23, 251, 111229
List the prime factors of 1633254097.
4259, 383483
What are the prime factors of 69638193?
3, 29, 251, 1063
List the prime factors of 1268643448.
2, 43, 1747, 2111
What are the prime factors of 33335961?
3, 73, 152219
What are the prime factors of 111716877?
3, 17, 263, 8329
What are the prime factors of 205188023?
205188023
List the prime factors of 1416383839.
13, 108952603
List the prime factors of 30423562.
2, 13, 1170137
What are the prime factors of 91395933?
3, 631, 48281
List the prime factors of 3197376859.
31, 73, 1412893
List the prime factors of 39182790.
2, 3, 5, 17, 76829
List the prime factors of 2273119278.
2, 3, 4639, 81667
List the prime factors of 94387102.
2, 73, 83, 7789
List the prime factors of 345694080.
2, 3, 5, 401, 449
List the prime factors of 584924114.
2, 292462057
List the prime factors of 869173982.
2, 67, 2207, 2939
List the prime factors of 5076973024.
2, 17, 9332671
What are the prime factors of 127282055?
5, 71, 358541
What are the prime factors of 1262323?
113, 11171
What are the prime factors of 84248471?
23, 3662977
List the prime factors of 3659684.
2, 7, 29, 4507
List the prime factors of 33188312.
2, 461, 8999
What are the prime factors of 736646185?
5, 11, 23, 167, 317
What are the prime factors of 900230795?
5, 180046159
List the prime factors of 473775205.
5, 83, 173, 6599
What are the prime factors of 75124310?
2, 5, 127, 149, 397
What are the prime factors of 171652986?
2, 3, 3178759
What are the prime factors of 1001441308?
2, 7, 35765761
List the prime factors of 53527334.
2, 7, 331, 11551
What are the prime factors of 138743896?
2, 17342987
List the prime factors of 115022024.
2, 13, 349, 3169
What are the prime factors of 246548208?
2, 3, 31, 67, 2473
What are the prime factors of 56965374?
2, 3, 313, 10111
List the prime factors of 2838136128.
2, 3, 17, 797, 1091
What are the prime factors of 2653243755?
3, 5, 176882917
What are the prime factors of 10444782?
2, 3, 263, 6619
What are the prime factors of 9229170109?
43, 881, 243623
What are the prime factors of 315771866?
2, 73, 2162821
List the prime factors of 1015742139.
3, 29, 402593
List the prime factors of 63512374.
2, 17, 109883
What are the prime factors of 13328332?
2, 3332083
List the prime factors of 1913922888.
2, 3, 31, 79, 32563
List the prime factors of 1735890779.
7, 37, 43, 79, 1973
List the prime factors of 64569322.
2, 89, 362749
What are the prime factors of 43392940?
2, 5, 181, 11987
List the prime factors of 2094505924.
2, 7, 74803783
List the prime factors of 62571042.
2, 3, 128747
What are the prime factors of 465713744?
2, 31, 938939
List the pri